rs of 18121.
18121
What are the prime factors of 2821?
7, 13, 31
List the prime factors of 854.
2, 7, 61
List the prime factors of 5561.
67, 83
What are the prime factors of 11162?
2, 5581
What are the prime factors of 20239?
37, 547
What are the prime factors of 3676?
2, 919
What are the prime factors of 44345?
5, 7, 181
List the prime factors of 51981.
3, 17327
List the prime factors of 1162.
2, 7, 83
What are the prime factors of 747?
3, 83
What are the prime factors of 6331?
13, 487
List the prime factors of 15515.
5, 29, 107
What are the prime factors of 175?
5, 7
List the prime factors of 3287.
19, 173
List the prime factors of 30168.
2, 3, 419
What are the prime factors of 6228?
2, 3, 173
List the prime factors of 38949.
3, 12983
What are the prime factors of 1864?
2, 233
What are the prime factors of 36617?
7, 5231
What are the prime factors of 11863?
11863
What are the prime factors of 9987?
3, 3329
What are the prime factors of 20582?
2, 41, 251
What are the prime factors of 2147?
19, 113
What are the prime factors of 9120?
2, 3, 5, 19
What are the prime factors of 162?
2, 3
List the prime factors of 82811.
82811
What are the prime factors of 123367?
19, 43, 151
What are the prime factors of 1091?
1091
List the prime factors of 128.
2
What are the prime factors of 64814?
2, 23, 1409
What are the prime factors of 33136?
2, 19, 109
List the prime factors of 9506.
2, 7, 97
List the prime factors of 546.
2, 3, 7, 13
List the prime factors of 215.
5, 43
What are the prime factors of 1260?
2, 3, 5, 7
What are the prime factors of 594?
2, 3, 11
List the prime factors of 31384.
2, 3923
List the prime factors of 2558.
2, 1279
List the prime factors of 1586.
2, 13, 61
List the prime factors of 1337.
7, 191
What are the prime factors of 900?
2, 3, 5
List the prime factors of 3469.
3469
What are the prime factors of 20103?
3, 6701
What are the prime factors of 1260?
2, 3, 5, 7
List the prime factors of 10313.
10313
What are the prime factors of 677?
677
What are the prime factors of 164050?
2, 5, 17, 193
What are the prime factors of 3669?
3, 1223
List the prime factors of 46833.
3, 67, 233
What are the prime factors of 8221?
8221
What are the prime factors of 852?
2, 3, 71
What are the prime factors of 12796?
2, 7, 457
What are the prime factors of 2086?
2, 7, 149
List the prime factors of 1373.
1373
List the prime factors of 1034.
2, 11, 47
What are the prime factors of 20021?
20021
List the prime factors of 21018.
2, 3, 31, 113
What are the prime factors of 1705?
5, 11, 31
What are the prime factors of 5470?
2, 5, 547
List the prime factors of 23572.
2, 71, 83
List the prime factors of 2367.
3, 263
What are the prime factors of 51149?
7, 7307
What are the prime factors of 7207?
7207
What are the prime factors of 1507?
11, 137
What are the prime factors of 2952?
2, 3, 41
List the prime factors of 545.
5, 109
List the prime factors of 3207.
3, 1069
List the prime factors of 13283.
37, 359
What are the prime factors of 59366?
2, 29683
What are the prime factors of 2323?
23, 101
What are the prime factors of 31955?
5, 7, 11, 83
What are the prime factors of 1199?
11, 109
List the prime factors of 5544.
2, 3, 7, 11
List the prime factors of 3093.
3, 1031
List the prime factors of 11288.
2, 17, 83
List the prime factors of 294.
2, 3, 7
What are the prime factors of 17020?
2, 5, 23, 37
What are the prime factors of 1980?
2, 3, 5, 11
What are the prime factors of 1222?
2, 13, 47
What are the prime factors of 47668?
2, 17, 701
List the prime factors of 19051.
19051
List the prime factors of 3739.
3739
What are the prime factors of 1241?
17, 73
What are the prime factors of 1623?
3, 541
List the prime factors of 3024.
2, 3, 7
What are the prime factors of 1181?
1181
What are the prime factors of 10484?
2, 2621
What are the prime factors of 38653?
38653
What are the prime factors of 21469?
7, 3067
What are the prime factors of 23738?
2, 11, 13, 83
What are the prime factors of 92812?
2, 23203
What are the prime factors of 400?
2, 5
List the prime factors of 3083.
3083
What are the prime factors of 2663?
2663
What are the prime factors of 2210?
2, 5, 13, 17
List the prime factors of 8809.
23, 383
List the prime factors of 5589.
3, 23
List the prime factors of 5586.
2, 3, 7, 19
List the prime factors of 90660.
2, 3, 5, 1511
What are the prime factors of 1538?
2, 769
What are the prime factors of 6881?
7, 983
List the prime factors of 21194.
2, 10597
What are the prime factors of 5859?
3, 7, 31
List the prime factors of 214.
2, 107
What are the prime factors of 2776?
2, 347
List the prime factors of 13712.
2, 857
List the prime factors of 1336.
2, 167
List the prime factors of 317.
317
List the prime factors of 7250.
2, 5, 29
What are the prime factors of 60677?
47, 1291
What are the prime factors of 48966?
2, 3, 8161
List the prime factors of 38199.
3, 7, 17, 107
List the prime factors of 2693.
2693
What are the prime factors of 21637?
7, 11, 281
List the prime factors of 25583.
25583
List the prime factors of 32121.
3, 43, 83
What are the prime factors of 337?
337
List the prime factors of 2346.
2, 3, 17, 23
What are the prime factors of 147179?
147179
What are the prime factors of 18479?
17, 1087
What are the prime factors of 7341?
3, 2447
List the prime factors of 15.
3, 5
What are the prime factors of 19705?
5, 7, 563
What are the prime factors of 25323?
3, 23, 367
List the prime factors of 4793.
4793
What are the prime factors of 16415?
5, 7, 67
List the prime factors of 56320.
2, 5, 11
List the prime factors of 5610.
2, 3, 5, 11, 17
What are the prime factors of 121843?
121843
What are the prime factors of 4794?
2, 3, 17, 47
List the prime factors of 7362.
2, 3, 409
List the prime factors of 1589.
7, 227
List the prime factors of 31423.
7, 67
List the prime factors of 3928.
2, 491
What are the prime factors of 2785?
5, 557
List the prime factors of 13882.
2, 11, 631
List the prime factors of 16629.
3, 23, 241
List the prime factors of 1417.
13, 109
What are the prime factors of 57703?
19, 3037
List the prime factors of 3045.
3, 5, 7, 29
What are the prime factors of 72678?
2, 3, 12113
What are the prime factors of 1241?
17, 73
What are the prime factors of 2132?
2, 13, 41
What are the prime factors of 10634?
2, 13, 409
List the prime factors of 18574.
2, 37, 251
What are the prime factors of 14252?
2, 7, 509
What are the prime factors of 20427?
3, 11, 619
What are the prime factors of 440?
2, 5, 11
What are the prime factors of 277?
277
What are the prime factors of 2797?
2797
What are the prime factors of 9735?
3, 5, 11, 59
What are the prime factors of 42875?
5, 7
What are the prime factors of 1888?
2, 59
List the prime factors of 586.
2, 293
List the prime factors of 17913.
3, 7, 853
List the prime factors of 58605.
3, 5, 3907
List the prime factors of 36677.
36677
List the prime factors of 13706.
2, 7, 11, 89
What are the prime factors of 4228?
2, 7, 151
What are the prime factors of 17757?
3, 1973
What are the prime factors of 3685?
5, 11, 67
List the prime factors of 135072.
2, 3, 7, 67
List the prime factors of 301.
7, 43
What are the prime factors of 1415?
5, 283
What are the prime factors of 45454?
2, 22727
List the prime factors of 115903.
115903
List the prime factors of 10600.
2, 5, 53
What are the prime factors of 13686?
2, 3, 2281
What are the prime factors of 3655?
5, 17, 43
List the prime factors of 1133.
11, 103
What are the prime factors of 24135?
3, 5, 1609
List the prime factors of 747.
3, 83
List the prime factors of 559.
13, 43
List the prime factors of 70350.
2, 3, 5, 7, 67
What are the prime factors of 54422?
2, 27211
List the prime factors of 1366.
2, 683
List the prime factors of 5544.
2, 3, 7, 11
List the prime factors of 390.
2, 3, 5, 13
What are the prime factors of 41915?
5, 83, 101
List the prime factors of 16318.
2, 41, 199
List the prime factors of 42956.
2, 10739
What are the prime factors of 26844?
2, 3, 2237
List the prime factors of 272.
2, 17
List the prime factors of 53321.
71, 751
List the prime factors of 6260.
2, 5, 313
List the prime factors of 107123.
107123
What are the prime factors of 13496?
2, 7, 241
What are the prime factors of 5175?
3, 5, 23
What are the prime factors of 909?
3, 101
What are th